{"id":1968,"date":"2018-07-24T15:50:22","date_gmt":"2018-07-24T13:50:22","guid":{"rendered":"https:\/\/p463593.webspaceconfig.de\/?page_id=1968"},"modified":"2018-07-31T11:58:44","modified_gmt":"2018-07-31T09:58:44","slug":"gencler-icin","status":"publish","type":"page","link":"https:\/\/efb-berlin.de\/tr\/danismanlik-sistemimiz-nasil-calisiyor\/gencler-icin\/","title":{"rendered":"Gen\u00e7ler i\u00e7in"},"content":{"rendered":"<p>E\u011fer bir gen\u00e7sen, o zaman sen de ebeveynlerin olmaks\u0131z\u0131n Dan\u0131\u015fma Merkezlerimize gelebilirsin.<br \/>\nHatta 27 ya\u015f\u0131na kadar olan gen\u00e7 yeti\u015fkinler de bizim dan\u0131\u015fma hizmetlerimizden faydalanabilirler.<br \/>\nHangi konu ya da problemle bize gelirsen gel, biz \u00e7al\u0131\u015fanlar seni dinlemeye haz\u0131r\u0131z.<br \/>\nSenin durumunu nas\u0131l d\u00fczeltece\u011fini biz hep birlikte d\u00fc\u015f\u00fcn\u00fcr\u00fcz.<br \/>\nBiz bu konuda seni destekleriz.<br \/>\nBiz, gen\u00e7lerin s\u0131k\u00e7a kar\u015f\u0131la\u015ft\u0131klar\u0131 konular\u0131 ve sorunlar\u0131 tan\u0131yoruz.<br \/>\n\u00d6rne\u011fin:<\/p>\n<ul>\n<li>Psikolojik taciz,<br \/>\nBa\u015fkalar\u0131 seni s\u00fcrekli k\u0131zd\u0131r\u0131yor ya da hakk\u0131nda \u00e7irkin yalanlar s\u00f6yl\u00fcyorlarsa<\/li>\n<li>A\u015fk ac\u0131s\u0131<\/li>\n<li>Art\u0131k ailene katlanam\u0131yorsan<\/li>\n<\/ul>\n<p>Biz sana \u015fu konularda yard\u0131mc\u0131 olabiliriz<\/p>\n<ul>\n<li>e\u011fer karde\u015flerin ya da ebeveynlerinle anla\u015fmazl\u0131k ya\u015f\u0131yorsan<\/li>\n<li>e\u011fer okulunla ba\u015fa \u00e7\u0131kam\u0131yor ya da hatta hi\u00e7 gitmek istemiyorsan<\/li>\n<li>e\u011fer aile i\u00e7inde \u015fiddet g\u00f6r\u00fcyorsan<\/li>\n<li>ya da sadece biriyle konu\u015fmak istiyorsan<\/li>\n<\/ul>\n<p>Biz \u00fc\u00e7 \u015fekilde sana dan\u0131\u015fmanl\u0131k hizmetleri sunmaktay\u0131z. Eminiz bunlar\u0131n i\u00e7inden sana uyan bir dan\u0131\u015fma hizmeti bulunmaktad\u0131r.<\/p>\n<ol>\n<li><strong>Berlin\u2019deki Dan\u0131\u015fma Merkezleri<\/strong><br \/>\nBurada Berlin\u2019de yer alan t\u00fcm Dan\u0131\u015fma Merkezlerinin listesini bulabilirsin.<br \/>\nB\u00f6ylece ikamet etti\u011fin yere en yak\u0131n dan\u0131\u015fma merkezini se\u00e7ebilirsin.<\/li>\n<li><strong>Online Dan\u0131\u015fmanl\u0131k (internet \u00fczerinden)<\/strong><br \/>\nA\u015fa\u011f\u0131daki Online dan\u0131\u015fmanl\u0131k hizmetlerinden bilgisayar \u00fczerinden de yararlanabilirsin<\/p>\n<ul>\n<li>bke online dan\u0131\u015fmanl\u0131k hizmeti<\/li>\n<li>SOS-Kinderdorfs online dan\u0131\u015fmanl\u0131k hizmeti<\/li>\n<\/ul>\n<\/li>\n<li><strong>Acil yard\u0131m telefon numaralar\u0131<\/strong><br \/>\nE\u011fer derhal yard\u0131ma ihtiyac\u0131n varsa bu telefon numaralar\u0131ndan birini ara!<br \/>\n\u00d6rne\u011fin, ne yapaca\u011f\u0131n\u0131 bilmiyorsan ya da tehlike alt\u0131ndaysan arayabilece\u011fin numaralar:<\/p>\n<ul>\n<li>Berlin Gen\u00e7lik Acil Yard\u0131m Servisi : Tel. 030 610062<\/li>\n<li>Berlin \u00c7ocuk Koruma Servisi: Tel. 030 683 9110 veya Tel. 030 971 1717<\/li>\n<\/ul>\n<\/li>\n<\/ol>\n","protected":false},"excerpt":{"rendered":"<p>E\u011fer bir gen\u00e7sen, o zaman sen de ebeveynlerin olmaks\u0131z\u0131n Dan\u0131\u015fma Merkezlerimize gelebilirsin. Hatta 27 ya\u015f\u0131na kadar olan gen\u00e7 yeti\u015fkinler de bizim dan\u0131\u015fma hizmetlerimizden faydalanabilirler. Hangi konu ya da problemle bize&hellip; <a class=\"excerpt-more-link\" href=\"https:\/\/efb-berlin.de\/tr\/danismanlik-sistemimiz-nasil-calisiyor\/gencler-icin\/\">Read More<\/a><\/p>\n","protected":false},"author":2,"featured_media":1596,"parent":1962,"menu_order":20,"comment_status":"closed","ping_status":"closed","template":"page-templates\/beratung-jugendliche.php","meta":{"_acf_changed":false,"footnotes":""},"class_list":["post-1968","page","type-page","status-publish","has-post-thumbnail","hentry"],"acf":[],"publishpress_future_workflow_manual_trigger":{"enabledWorkflows":[]},"_links":{"self":[{"href":"https:\/\/efb-berlin.de\/tr\/wp-json\/wp\/v2\/pages\/1968","targetHints":{"allow":["GET"]}}],"collection":[{"href":"https:\/\/efb-berlin.de\/tr\/wp-json\/wp\/v2\/pages"}],"about":[{"href":"https:\/\/efb-berlin.de\/tr\/wp-json\/wp\/v2\/types\/page"}],"author":[{"embeddable":true,"href":"https:\/\/efb-berlin.de\/tr\/wp-json\/wp\/v2\/users\/2"}],"replies":[{"embeddable":true,"href":"https:\/\/efb-berlin.de\/tr\/wp-json\/wp\/v2\/comments?post=1968"}],"version-history":[{"count":2,"href":"https:\/\/efb-berlin.de\/tr\/wp-json\/wp\/v2\/pages\/1968\/revisions"}],"predecessor-version":[{"id":1970,"href":"https:\/\/efb-berlin.de\/tr\/wp-json\/wp\/v2\/pages\/1968\/revisions\/1970"}],"up":[{"embeddable":true,"href":"https:\/\/efb-berlin.de\/tr\/wp-json\/wp\/v2\/pages\/1962"}],"wp:featuredmedia":[{"embeddable":true,"href":"https:\/\/efb-berlin.de\/tr\/wp-json\/wp\/v2\/media\/1596"}],"wp:attachment":[{"href":"https:\/\/efb-berlin.de\/tr\/wp-json\/wp\/v2\/media?parent=1968"}],"curies":[{"name":"wp","href":"https:\/\/api.w.org\/{rel}","templated":true}]}}

Gençler için

<p>Eğer bir gençsen, o zaman sen de ebeveynlerin olmaksızın Danışma Merkezlerimize gelebilirsin.<br />
Hatta 27 yaşına kadar olan genç yetişkinler de bizim danışma hizmetlerimizden faydalanabilirler.<br />
Hangi konu ya da problemle bize gelirsen gel, biz çalışanlar seni dinlemeye hazırız.<br />
Senin durumunu nasıl düzelteceğini biz hep birlikte düşünürüz.<br />
Biz bu konuda seni destekleriz.<br />
Biz, gençlerin sıkça karşılaştıkları konuları ve sorunları tanıyoruz.<br />
Örneğin:</p>
<ul>
<li>Psikolojik taciz,<br />
Başkaları seni sürekli kızdırıyor ya da hakkında çirkin yalanlar söylüyorlarsa</li>
<li>Aşk acısı</li>
<li>Artık ailene katlanamıyorsan</li>
</ul>
<p>Biz sana şu konularda yardımcı olabiliriz</p>
<ul>
<li>eğer kardeşlerin ya da ebeveynlerinle anlaşmazlık yaşıyorsan</li>
<li>eğer okulunla başa çıkamıyor ya da hatta hiç gitmek istemiyorsan</li>
<li>eğer aile içinde şiddet görüyorsan</li>
<li>ya da sadece biriyle konuşmak istiyorsan</li>
</ul>
<p>Biz üç şekilde sana danışmanlık hizmetleri sunmaktayız. Eminiz bunların içinden sana uyan bir danışma hizmeti bulunmaktadır.</p>
<ol>
<li><strong>Berlin’deki Danışma Merkezleri</strong><br />
Burada Berlin’de yer alan tüm Danışma Merkezlerinin listesini bulabilirsin.<br />
Böylece ikamet ettiğin yere en yakın danışma merkezini seçebilirsin.</li>
<li><strong>Online Danışmanlık (internet üzerinden)</strong><br />
Aşağıdaki Online danışmanlık hizmetlerinden bilgisayar üzerinden de yararlanabilirsin</p>
<ul>
<li>bke online danışmanlık hizmeti</li>
<li>SOS-Kinderdorfs online danışmanlık hizmeti</li>
</ul>
</li>
<li><strong>Acil yardım telefon numaraları</strong><br />
Eğer derhal yardıma ihtiyacın varsa bu telefon numaralarından birini ara!<br />
Örneğin, ne yapacağını bilmiyorsan ya da tehlike altındaysan arayabileceğin numaralar:</p>
<ul>
<li>Berlin Gençlik Acil Yardım Servisi : Tel. 030 610062</li>
<li>Berlin Çocuk Koruma Servisi: Tel. 030 683 9110 veya Tel. 030 971 1717</li>
</ul>
</li>
</ol>

<p>Eğer bir gençsen, o zaman sen de ebeveynlerin olmaksızın Danışma Merkezlerimize gelebilirsin. Hatta 27 yaşına kadar olan genç yetişkinler de bizim danışma hizmetlerimizden faydalanabilirler. Hangi konu ya da problemle bize&hellip; <a class="excerpt-more-link" href="https://efb-berlin.de/tr/danismanlik-sistemimiz-nasil-calisiyor/gencler-icin/">Read More</a></p>
